 are the prime factors of f(4)?
3, 7
Let x be (-4)/(-5)*(-10)/4. List the prime factors of (2 + (-153)/6)*x.
47
Let n(l) = -l**3 + 9*l**2 + 3. Let h be n(9). Suppose u = 3 + h. What are the prime factors of u?
2, 3
What are the prime factors of (2/(-5))/((-4)/500)?
2, 5
Let z(t) be the third derivative of t**5/60 + t**4/3 + 2*t**3 - 3*t**2. List the prime factors of z(-8).
2, 3
Let t(w) = -w - 7. Let x be t(-6). Let c be 2 + 1/x + 21. Suppose 4 = 4*l + 5*o - c, -2*o = l - 5. List the prime factors of l.
3
Let t(i) = -i**2 - 7*i + 5. Let f be (-12)/1*(-3)/(-6). What are the prime factors of t(f)?
11
Suppose 2*z = -0*z + 4. Suppose 7 = z*b - 9. What are the prime factors of b?
2
Let j(g) = g**2 - 3. Suppose 2*r + 4 = r. List the prime factors of j(r).
13
Suppose 0 = -0*h + 4*h - 8. Suppose 6 = y + h*y. Suppose -2*t - y*x + 8 = 0, t - 3*x = -0*t + 24. What are the prime factors of t?
3
Let j(z) = 13*z. Let w(v) = -3*v - 1. Let c be w(-1). Let o be j(c). Suppose 2*t - o = 4*f, 4*t - 48 = 2*f - 20. List the prime factors of t.
5
Let i = -23 + 25. Suppose i*r - 48 = 10. What are the prime factors of r?
29
Suppose s + 2*d = -s + 24, 0 = -4*s + 5*d + 75. Suppose 39 = 3*j + q, s = 4*q - 9*q. What are the prime factors of j?
2, 7
Let r = -43 - -67. What are the prime factors of r?
2, 3
Let i(o) = 10*o**2 + 2*o - 1. Suppose -3 = 6*q + 9. What are the prime factors of i(q)?
5, 7
Let j(s) = s**2 - 10*s + 4. Let c be j(9). Let p be 6/15 - 23/c. Suppose p*h - 23 - 42 = 0. List the prime factors of h.
13
Suppose -u - 50 = -2*u. Suppose -4*p = p - u. List the prime factors of p.
2, 5
Let z(c) = -66*c**2 - 1. Let o be z(1). Let d = o - -97. List the prime factors of d.
2, 3, 5
Suppose 14 = 5*a - 21. What are the prime factors of a?
7
Let q be -5 + 2 + 3*1. Let c(l) = -l**2 - 7 + 10*l + 9 + q*l**2. What are the prime factors of c(8)?
2, 3
Let s be (-38)/133 + 117/(-7). Let p = s + 30. List the prime factors of p.
13
Let b = 15 - 9. What are the prime factors of b?
2, 3
Let q(k) = 2*k - 3. Let u be q(3). Suppose -5*j + 0*d + 132 = u*d, -5*j = -2*d - 112. List the prime factors of j.
2, 3
Let p(f) = 3*f**2 + 2*f + 3. Let m be p(3). Suppose -26 = -2*u + 5*z, -4*u + 3*z + m + 2 = 0. List the prime factors of u.
2
Suppose -2*s + 28 = -6*s. Let a(m) = m + 7. Let y be a(s). What are the prime factors of 0 + (2 - y/(-3))?
2
Suppose -2*j - 2*g = -174, -4*j + 0*g + 393 = -5*g. List the prime factors of j.
2, 23
Let k(h) = h**3 - 14*h**2 + 5. What are the prime factors of k(14)?
5
Let q be (-1 - 0 - -2)*-1. Let p = 1 - q. What are the prime factors of p?
2
Let b = 9 + -3. Let y be (-9)/b*(-8)/3. Let k = y + -1. What are the prime factors of k?
3
Let i(p) = 7*p - 8. Let f(q) = -14*q + 17. Let a(z) = -6*f(z) - 13*i(z). List the prime factors of a(-2).
2
Let r(k) = -k**3 + 5*k**2 - k + 7. Let h be r(5). Suppose 4*u = 5*u - 10. What are the prime factors of (u/25)/(h/20)?
2
Suppose -2*z = 3*z + 2*l - 12, 0 = -2*z - 2*l. Suppose -z = 4*t, -i + 2*t - 183 = -6*i. What are the prime factors of i?
37
Let t = 97 - 57. Let v = t + -29. List the prime factors of v.
11
Suppose 5*g + 73 = 8. Suppose 0*s + x + 44 = 2*s, -5*s + 4*x + 110 = 0. Let t = g + s. What are the prime factors of t?
3
Let c = 247 - 120. List the prime factors of c.
127
Suppose 4 = -3*k + k. Let t(s) = -s**2 + 2*s - 1. Let y(o) = -o. Let n(v) = k*y(v) - t(v). List the prime factors of n(-2).
5
Let t = -185 - -286. List the prime factors of t.
101
What are the prime factors of (16 - 17)*(1 + -27)?
2, 13
Let m be (-4)/10 + (-20)/(-50). Suppose 3*i - 49 = v, 2*i + m*v = 3*v + 21. What are the prime factors of i?
2, 3
Let c be 12/(-8)*2 + 6. Suppose p - 28 = -c*p. List the prime factors of p.
7
Let w(d) = 7*d - 11. List the prime factors of w(8).
3, 5
Suppose 2*d - 79 - 25 = 0. List the prime factors of d.
2, 13
Let s(c) = -c**2 + 36*c + 22. What are the prime factors of s(17)?
3, 5, 23
Let k(j) = -42*j - 11. List the prime factors of k(-4).
157
Suppose 3*l + 3*f + 6 = 0, 3*f = -3 - 3. Suppose 0*m + 3*m - 129 = l. Suppose -36 = -2*n + c, -2*n - n = 4*c - m. What are the prime factors of n?
17
Let a = -37 - -4. Let z = a - -51. List the prime factors of z.
2, 3
Suppose 4*v - 32 = 2*f, 5*v - 2*f - 2*f - 40 = 0. Let q = 10 + v. What are the prime factors of q?
2, 3
Suppose -q + 66 = 15. What are the prime factors of q?
3, 17
What are the prime factors of -1 + 9 + (-2 - 1)?
5
Suppose 10 = 4*t - 30. What are the prime factors of 116/t - (-2)/5?
2, 3
Suppose -13*n = -9*n - 36. Let h = -7 - -12. Let k = n - h. List the prime factors of k.
2
Suppose 4*m - 2*d - 2*d - 992 = 0, 5*m - 1240 = -5*d. List the prime factors of m.
2, 31
Let h(s) = 6*s + 1. What are the prime factors of h(17)?
103
Let u be ((-1)/(-2))/((-4)/24). What are the prime factors of 213/9 - u/9?
2, 3
Let m = -2 + 4. Let u be 2/((-4)/(-6))*3. Let n = u - m. What are the prime factors of n?
7
Let n(w) = w**3 + 7*w**2 - w - 1. What are the prime factors of n(-6)?
41
Let v(u) = 4*u - 28. List the prime factors of v(19).
2, 3
Let f(n) = n + 9. Let r be f(8). Let k = 37 - r. What are the prime factors of k?
2, 5
Let d(c) = -c**2 + 8*c + 7. Let h be d(5). Suppose -5*v + 112 = h. What are the prime factors of v?
2, 3
Let j = 14 + -10. Suppose -3*i + 5*p = -j*i + 14, 0 = 5*p - 10. Suppose -10 = -5*m, -4 + 10 = i*n - 3*m. List the prime factors of n.
3
Suppose -3*n = -2*x - 16, -5*n - 2 = -x - 31. Suppose 4*t = 2*t + n. Suppose -2*o = -t - 13. List the prime factors of o.
2
Let t(a) = -18*a - 13*a + 33*a - 1. List the prime factors of t(12).
23
Let o(h) = h**3 - h**2 + 5. Let w be (-44)/(-16) - (-2)/8. Suppose -w = 3*m + c, 3*m - 2*c - 6 = -0*c. What are the prime factors of o(m)?
5
Suppose -10*x + 40 = -15*x. Let i(v) = -v**2 - 11*v - 6. List the prime factors of i(x).
2, 3
Let f be (1/(-3))/((-2)/(-6)). What are the prime factors of 3*(f + (-33)/(-9))?
2
Suppose -5*q - 19 = -i, 0 = -3*i - i + 4*q + 60. Let c = -9 + i. Suppose c*v - 2*v = 39. List the prime factors of v.
13
Suppose -15 = -2*y - 5*j, 3*j - 13 + 4 = 2*y. Suppose -4*t = -y*t - 56. What are the prime factors of t?
2, 7
Let g(m) = m - 10. Let j be g(11). Suppose -4*k + 5*k = -j. List the prime factors of (k - (-3 - -3)) + 13.
2, 3
Let p = 3 - 0. Let l(d) = -4*d + 3*d**2 - d**3 - 3 - d + 2*d**p. List the prime factors of l(-3).
2, 3
Suppose 22 = c + 2*i, c - i - 4 = 18. List the prime factors of c.
2, 11
Suppose -3*w - 5*l + 30 = 0, 15 = -2*l + 7*l. What are the prime factors of w + -3 - (-1 - -1)?
2
Suppose 2*f + 10 = 0, 0 = 2*c + 2*f + 1 - 5. What are the prime factors of c?
7
Let o be 9*3*8/(-36). Let p(j) = -6*j - 1 + 4*j + 0*j. List the prime factors of p(o).
11
Suppose 5*c - 4*i = 188, -2*c - 132 = -5*c - 4*i. What are the prime factors of c?
2, 5
Let q(o) = o**2 - 9*o - 13. Let r be q(10). What are the prime factors of (-11 - 2)*(-4 - r)?
13
Suppose -d = -5*d. Suppose 60 = 3*l - d*t + t, -100 = -5*l - 4*t. List the prime factors of l.
2, 5
Suppose 9*q - 102 = 3*q. What are the prime factors of q?
17
What are the prime factors of ((-812)/24 - (-5)/(-30))*-7?
2, 7, 17
Let h(g) be the first derivative of -g**2/2 + 40*g + 4. List the prime factors of h(0).
2, 5
Let b = -4 + 74. List the prime factors of b.
2, 5, 7
Suppose -8 = -4*z + 3*z. Suppose 4*t + 4*f + 32 = 0, -t = t + 3*f + 19. Let o = z + t. What are the prime factors of o?
3
Let q = -14 - -18. Suppose -5*b - 3*d + 29 = -227, q*b = -3*d + 206. List the prime factors of b.
2, 5
Let r = 1 + 42. Let a = 77 - r. List the prime factors of a.
2, 17
Let w(j) = 3*j + 8. Let v be w(4). List the prime factors of -3 + v/4*2.
7
Let p(z) = 45*z**3 - z**2 - z + 1. Let s be p(1). Suppose -s = -5*u + u. What are the prime factors of u?
11
Let t = 318 + -194. List the prime factors of t.
2, 31
Suppose 698 - 210 = 4*j + 4*o, 0 = 4*j + 2*o - 492. What are the prime factors of j?
2, 31
Let c = 190 - -75. List the prime factors of c.
5, 53
Suppose 3*d = -5*t + 117, 2*t + 61 + 95 = 4*d. What are the prime factors of (3 - 3) + d - -3?
2, 3, 7
Let j(r) = -77*r**3 - r**2 - 2*r - 1. List the prime factors of j(-1).
7, 11
Let f = 12 + -3. Suppose -2*x - f = v - 2*v, v - 5*x = 18. Suppose -s + 7 = -v. List the prime factors of s.
2, 5
Let i(w) = -w**3 - 20*w**2 - 28*w - 